-- phpMyAdmin SQL Dump
-- version 5.1.1
-- https://www.phpmyadmin.net/
--
-- Host: cityschnegge.lima-db.de:3306
-- Erstellungszeit: 04. Okt 2025 um 11:39
-- Server-Version: 8.0.42-33
-- PHP-Version: 7.2.34

SET SQL_MODE = "NO_AUTO_VALUE_ON_ZERO";
START TRANSACTION;
SET time_zone = "+00:00";


/*!40101 SET @OLD_CHARACTER_SET_CLIENT=@@CHARACTER_SET_CLIENT */;
/*!40101 SET @OLD_CHARACTER_SET_RESULTS=@@CHARACTER_SET_RESULTS */;
/*!40101 SET @OLD_COLLATION_CONNECTION=@@COLLATION_CONNECTION */;
/*!40101 SET NAMES utf8mb4 */;

--
-- Datenbank: `db_376260_21`
--

-- --------------------------------------------------------

--
-- Tabellenstruktur für Tabelle `settings`
--

CREATE TABLE `settings` (
  `id` int NOT NULL,
  `name` varchar(255) COLLATE utf8mb4_general_ci DEFAULT NULL,
  `value` text COLLATE utf8mb4_general_ci
) ENGINE=InnoDB DEFAULT CHARSET=utf8mb4 COLLATE=utf8mb4_general_ci;

--
-- Daten für Tabelle `settings`
--

INSERT INTO `settings` (`id`, `name`, `value`) VALUES
(1, 'wahl_start', '2025-09-22 14:59:14'),
(2, 'show_abstimmungs_hinweis', '1'),
(3, 'runde', '1'),
(4, 'phase', 'Abstimmphase');

-- --------------------------------------------------------

--
-- Tabellenstruktur für Tabelle `songs`
--

CREATE TABLE `songs` (
  `id` int NOT NULL,
  `name` varchar(255) COLLATE utf8mb4_general_ci NOT NULL,
  `created_at` timestamp NULL DEFAULT CURRENT_TIMESTAMP,
  `teilnahmen` int DEFAULT '0',
  `sperre_bis_runde` int DEFAULT NULL
) ENGINE=InnoDB DEFAULT CHARSET=utf8mb4 COLLATE=utf8mb4_general_ci;

--
-- Daten für Tabelle `songs`
--

INSERT INTO `songs` (`id`, `name`, `created_at`, `teilnahmen`, `sperre_bis_runde`) VALUES
(296, 'nockhalm quintett dreimal darfst du raten', '2025-09-22 14:38:09', 0, NULL),
(297, 'marco schuitmaker   engelbewaarder + schutzengel', '2025-09-24 22:16:36', 0, NULL),
(298, 'büffel oli p   maja', '2025-09-24 22:20:02', 0, NULL),
(299, 'suno maus  unsere welt, unser leben', '2025-09-24 22:20:36', 0, NULL),
(300, 'suno maus    liebe ein leben lang', '2025-09-24 22:20:53', 0, NULL),
(301, 'rossi/krause   was bitte was', '2025-09-24 22:21:07', 0, NULL),
(302, 'howard carpendale  du bist das letzte', '2025-09-24 22:25:21', 0, NULL),
(303, 'roy bianco & die abbrunzati boys-bella napoli', '2025-09-25 10:01:54', 0, NULL),
(304, 'stefan raab&bully herbig-weil wir si super geil drauf sind', '2025-09-25 16:40:46', 0, NULL),
(305, 'suno schnegge-wir fahren nach amerika', '2025-09-26 17:13:17', 0, NULL),
(306, 'schnegge und maus suno   gelobet seist du circa ja bis nein', '2025-09-26 20:24:53', 0, NULL),
(307, 'suno schnegge - bananenboot', '2025-09-26 22:32:23', 0, NULL),
(308, 'michelle-wahnsinnig', '2025-09-27 10:03:46', 0, NULL),
(309, 'Suno Schnegge-Ein Unfall auf der Autobahn', '2025-09-29 17:03:50', 0, NULL),
(312, 'Suno Trucker Mein Herz kämpte gegen eine Macht', '2025-09-29 20:04:51', 0, NULL),
(313, 'versengold Klabauterfrau', '2025-10-01 21:54:29', 0, NULL),
(314, 'Dämmerland Eisbrecher Wilkommen in der dunkelheit', '2025-10-01 21:56:05', 0, NULL),
(315, 'Daniela Alfinito Wahlkman', '2025-10-01 21:56:57', 0, NULL),
(316, 'Heino Hholla die Waldfee', '2025-10-01 22:00:03', 0, NULL),
(317, 'Die süsse helga Winni Winni Wanna Wanna ', '2025-10-01 22:03:33', 0, NULL),
(318, 'Jörg Bausch Ich war dein Pilot', '2025-10-01 22:04:29', 0, NULL),
(319, 'Dautschland wach auf Steig auf Deutscher Adler', '2025-10-01 22:06:43', 0, NULL),
(320, 'Schlagerplatte Mit dir', '2025-10-01 22:08:57', 0, NULL),
(321, 'Cora Nie Nie', '2025-10-01 22:11:51', 0, NULL),
(322, 'Amigos Erküsst mich wie judas', '2025-10-01 22:14:57', 0, NULL),
(323, 'Jörg Bausch Fluchtversuch', '2025-10-01 22:16:26', 0, NULL),
(324, 'Enja The River Sings', '2025-10-01 22:19:16', 0, NULL),
(325, 'Golden Sunshine - ich will mehr von dir ', '2025-10-03 07:48:11', 0, NULL),
(326, 'Dj Ötzi Belamy Brothers - i need more of you', '2025-10-03 07:49:12', 0, NULL),
(327, 'Truck Stop - Mein Zuhause', '2025-10-03 13:38:41', 0, NULL);

-- --------------------------------------------------------

--
-- Tabellenstruktur für Tabelle `votes`
--

CREATE TABLE `votes` (
  `id` int NOT NULL,
  `song_id` int NOT NULL,
  `ip_address` varchar(45) COLLATE utf8mb4_general_ci DEFAULT NULL,
  `vote_time` timestamp NULL DEFAULT CURRENT_TIMESTAMP
) ENGINE=InnoDB DEFAULT CHARSET=utf8mb4 COLLATE=utf8mb4_general_ci;

--
-- Daten für Tabelle `votes`
--

INSERT INTO `votes` (`id`, `song_id`, `ip_address`, `vote_time`) VALUES
(1492, 327, '62.143.168.161', '2025-10-03 13:38:51'),
(1493, 312, '62.143.168.161', '2025-10-03 13:39:01'),
(1494, 308, '2a02:a46a:7bb7:0:9869:2d2c:7d88:d7d5', '2025-10-04 06:54:30'),
(1495, 319, '2a02:a46a:7bb7:0:9869:2d2c:7d88:d7d5', '2025-10-04 06:54:45'),
(1496, 309, '2a02:908:956:7be0:3170:25cd:f463:e326', '2025-10-04 07:19:56'),
(1497, 327, '2a02:908:956:7be0:3170:25cd:f463:e326', '2025-10-04 07:20:02'),
(1498, 317, '2a02:3100:3bfe:e700:14dd:6f9c:32dc:4be4', '2025-10-04 09:08:03'),
(1499, 309, '2a02:3100:3bfe:e700:14dd:6f9c:32dc:4be4', '2025-10-04 09:08:25'),
(1500, 315, '2a02:8071:5352:fd80:b01d:adbb:df0d:466', '2025-10-04 09:09:07'),
(1501, 318, '2a02:8071:5352:fd80:b01d:adbb:df0d:466', '2025-10-04 09:09:33'),
(1502, 327, '2a02:908:956:7be0:e452:dbf5:7eae:2c94', '2025-10-04 09:09:45'),
(1503, 309, '2a02:908:956:7be0:1045:566a:62e7:290e', '2025-10-04 09:09:52'),
(1504, 312, '2a02:908:956:7be0:e452:dbf5:7eae:2c94', '2025-10-04 09:09:55'),
(1505, 305, '2a02:908:956:7be0:1045:566a:62e7:290e', '2025-10-04 09:38:34');

-- --------------------------------------------------------

--
-- Tabellenstruktur für Tabelle `wahlphase`
--

CREATE TABLE `wahlphase` (
  `id` int NOT NULL,
  `startdatum` datetime NOT NULL
) ENGINE=InnoDB DEFAULT CHARSET=utf8mb4 COLLATE=utf8mb4_general_ci;

--
-- Indizes der exportierten Tabellen
--

--
-- Indizes für die Tabelle `settings`
--
ALTER TABLE `settings`
  ADD PRIMARY KEY (`id`),
  ADD UNIQUE KEY `name` (`name`);

--
-- Indizes für die Tabelle `songs`
--
ALTER TABLE `songs`
  ADD PRIMARY KEY (`id`);

--
-- Indizes für die Tabelle `votes`
--
ALTER TABLE `votes`
  ADD PRIMARY KEY (`id`),
  ADD KEY `song_id` (`song_id`);

--
-- Indizes für die Tabelle `wahlphase`
--
ALTER TABLE `wahlphase`
  ADD PRIMARY KEY (`id`);

--
-- AUTO_INCREMENT für exportierte Tabellen
--

--
-- AUTO_INCREMENT für Tabelle `settings`
--
ALTER TABLE `settings`
  MODIFY `id` int NOT NULL AUTO_INCREMENT, AUTO_INCREMENT=5;

--
-- AUTO_INCREMENT für Tabelle `songs`
--
ALTER TABLE `songs`
  MODIFY `id` int NOT NULL AUTO_INCREMENT, AUTO_INCREMENT=328;

--
-- AUTO_INCREMENT für Tabelle `votes`
--
ALTER TABLE `votes`
  MODIFY `id` int NOT NULL AUTO_INCREMENT, AUTO_INCREMENT=1506;

--
-- AUTO_INCREMENT für Tabelle `wahlphase`
--
ALTER TABLE `wahlphase`
  MODIFY `id` int NOT NULL AUTO_INCREMENT;

--
-- Constraints der exportierten Tabellen
--

--
-- Constraints der Tabelle `votes`
--
ALTER TABLE `votes`
  ADD CONSTRAINT `votes_ibfk_1` FOREIGN KEY (`song_id`) REFERENCES `songs` (`id`) ON DELETE CASCADE;
COMMIT;

/*!40101 SET CHARACTER_SET_CLIENT=@OLD_CHARACTER_SET_CLIENT */;
/*!40101 SET CHARACTER_SET_RESULTS=@OLD_CHARACTER_SET_RESULTS */;
/*!40101 SET COLLATION_CONNECTION=@OLD_COLLATION_CONNECTION */;
